{"id":2493,"date":"2018-11-09T08:41:09","date_gmt":"2018-11-09T07:41:09","guid":{"rendered":"http:\/\/193.77.138.55\/?page_id=2493"},"modified":"2018-11-09T08:41:09","modified_gmt":"2018-11-09T07:41:09","slug":"projekt-99-porocilo","status":"publish","type":"page","link":"https:\/\/jds.vilenica.com\/index.php\/fixtures\/ekologija\/projekt-99-porocilo\/","title":{"rendered":"Projekt 99 &#8211; poro\u010dilo"},"content":{"rendered":"<section id=\"bt_bb_section69ef63fcc5c8b\" class=\"bt_bb_section bt_bb_layout_boxed_1200 bt_bb_vertical_align_top bt_bb_top_spacing_medium bt_bb_bottom_spacing_normal\"  data-bt-override-class=\"null\"><div class=\"bt_bb_port\"><div class=\"bt_bb_cell\"><div class=\"bt_bb_cell_inner\"><div class=\"bt_bb_row \"  data-bt-override-class=\"{}\"><div class=\"bt_bb_row_holder\" ><div  class=\"bt_bb_column col-xxl-6 col-xl-6 bt_bb_vertical_align_middle bt_bb_align_center bt_bb_padding_normal\"  data-width=\"6\" data-bt-override-class=\"{}\"><div class=\"bt_bb_column_content\"><div class=\"bt_bb_column_content_inner\"><div class=\"bt_bb_image bt_bb_shape_square bt_bb_target_self bt_bb_align_inherit bt_bb_hover_style_simple bt_bb_content_display_always bt_bb_content_align_middle\" data-bt-override-class=\"{}\"><span><img loading=\"lazy\" decoding=\"async\" width=\"640\" height=\"480\" src=\"https:\/\/jds.vilenica.com\/wp-content\/uploads\/2018\/11\/imgp4966-1.jpg\" class=\"attachment-full size-full\" alt=\"https:\/\/jds.vilenica.com\/wp-content\/uploads\/2018\/11\/imgp4966-1.jpg\" data-full_image_src=\"https:\/\/jds.vilenica.com\/wp-content\/uploads\/2018\/11\/imgp4966-1.jpg\" title=\"imgp4966\" srcset=\"https:\/\/jds.vilenica.com\/wp-content\/uploads\/2018\/11\/imgp4966-1.jpg 640w, https:\/\/jds.vilenica.com\/wp-content\/uploads\/2018\/11\/imgp4966-1-320x240.jpg 320w\" sizes=\"auto, (max-width: 640px) 85vw, 640px\" \/><\/span><\/div><\/div><\/div><\/div><div  class=\"bt_bb_column col-xxl-6 col-xl-6 bt_bb_vertical_align_top bt_bb_align_left bt_bb_padding_normal\"  data-width=\"6\" data-bt-override-class=\"{}\"><div class=\"bt_bb_column_content\"><div class=\"bt_bb_column_content_inner\"><header class=\"bt_bb_headline bt_bb_dash_none bt_bb_subheadline bt_bb_size_small bt_bb_align_inherit\" data-bt-override-class=\"{}\"><h3 class=\"bt_bb_headline_tag\"><span class=\"bt_bb_headline_content\"><span>Projekt 99 \u2013 poro\u010dilo<br \/>\n<\/span><\/span><\/h3><div class=\"bt_bb_headline_subheadline\">Jan 14, 2013<\/div><\/header><div class=\"bt_bb_separator_v2 bt_bb_border_style_none bt_bb_top_spacing_small bt_bb_bottom_spacing_small bt_bb_icon_size_normal bt_bb_text_size_normal bt_bb_separator_v2_without_content\" data-bt-override-class=\"null\"><div class=\"bt_bb_separator_v2_inner\"><span class=\"bt_bb_separator_v2_inner_before\"><\/span><span class=\"bt_bb_separator_v2_inner_content\"><span  data-ico-=\"\" class=\"bt_bb_icon_holder\"><\/span><\/span><span class=\"bt_bb_separator_v2_inner_after\"><\/span><\/div><\/div><div  class=\"bt_bb_text\" ><p style=\"text-align: left;\">Med naro\u010dnikom Znanstvenoraziskovalnim centrom SAZU in izvajalcem Jamarsko zvezo Slovenije je bila v za\u010detku leta 2012 podpisana pogodba za popis onesna\u017eenosti jam na Mati\u010dnem Krasu. Projekt je potekal v sklopu Razvojnega foruma Kras in je posku\u0161al opredeliti stopnjo onesna\u017eenosti podzemlja na Krasu. Ker bi bil popis 916 jam, kolikor se jih nahaja na Krasu, nemogo\u010de izvesti v enem letu, je bilo naklju\u010dno izbranih 99 jam na Krasu, ki so predstavljale statisti\u010dno pomemben vzorec za posplo\u0161itev rezultatov raziskav na celoten Kras. Izbor 99 jam je dal projektu tudi ime \u2013 Projekt 99.<\/p>\n<p style=\"text-align: left;\">Na terenu smo jame popisovali jamarji petih jamarskih dru\u0161tev, in sicer JD Se\u017eana, JD G\u017d Diva\u010da, JD DR Ajdov\u0161\u010dina, JK Temnica in JD Hrpelje Kozina.Ve\u010dino \u010dasa je vzelo terensko delo, saj smo morali jamarji prostovoljci, ki imamo glavnino prostega \u010dasa ob koncu tedna, v okviru posameznega dru\u0161tva popisati onesna\u017eenost 20 jam, kar je tudi za ve\u010dje jamarsko dru\u0161tvo precej\u0161en zalogaj.<\/p>\n<\/div><\/div><\/div><\/div><\/div><\/div><\/div><!-- cell_inner --><\/div><!-- cell --><\/div><!-- port --><\/section><section id=\"bt_bb_section69ef63fcc62ab\" class=\"bt_bb_section bt_bb_layout_boxed_1200 bt_bb_vertical_align_top bt_bb_top_spacing_normal bt_bb_bottom_spacing_normal\"  data-bt-override-class=\"null\"><div class=\"bt_bb_port\"><div class=\"bt_bb_cell\"><div class=\"bt_bb_cell_inner\"><div class=\"bt_bb_row \"  data-bt-override-class=\"{}\"><div class=\"bt_bb_row_holder\" ><div  class=\"bt_bb_column col-xxl-6 col-xl-6 bt_bb_vertical_align_middle bt_bb_align_center bt_bb_padding_normal\"  data-width=\"6\" data-bt-override-class=\"{}\"><div class=\"bt_bb_column_content\"><div class=\"bt_bb_column_content_inner\"><div  class=\"bt_bb_text\" ><p style=\"text-align: left;\">Pred pri\u010detkom projekta se je predvidevalo, da je onesna\u017eenih pribli\u017eno 10 % jam, in da so odpadki v njih ve\u010dinoma starej\u0161ega izvora. Kon\u010dni rezultat je pokazal, da je resni\u010dnost veliko bolj \u010drna. S trdnimi odpadki je namre\u010d onesna\u017eenih 25 % jam na Krasu, torej vsaka \u010detrta jama. \u017de v samem vzorcu 99 jam smo ocenili skupno koli\u010dino trdnih odpadkov na 386 m3. \u010ce to koli\u010dino preslikamo na celoten Kras, se pod njegovim povr\u0161jem nahaja kar 3.973 m3 odpadkov. Za primerjavo: tolik\u0161no koli\u010dino odpadkov proizvede v enem letu okoli 2.250 prebivalcev Slovenije ali pa slaba polovica prebivalcev Se\u017eane. Glavnina odpadkov se nahaja v mo\u010dno onesna\u017eenih jamah, kjer velja izpostaviti Jamo v Bjekovniku, Jamo na Brundlovem partu in Jeri\u0161evo jamo. Vsaka izmed slednjih vsebuje preko 80 m3 odpadkov, najbolj zaskrbljujo\u010de pa je stanje v Jami v Bjekovniku.<\/p>\n<\/div><\/div><\/div><\/div><div  class=\"bt_bb_column col-xxl-6 col-xl-6 bt_bb_vertical_align_top bt_bb_align_left bt_bb_padding_normal\"  data-width=\"6\" data-bt-override-class=\"{}\"><div class=\"bt_bb_column_content\"><div class=\"bt_bb_column_content_inner\"><div class=\"bt_bb_image bt_bb_shape_square bt_bb_target_self bt_bb_align_inherit bt_bb_hover_style_simple bt_bb_content_display_always bt_bb_content_align_middle\" data-bt-override-class=\"{}\"><span><img loading=\"lazy\" decoding=\"async\" width=\"640\" height=\"480\" src=\"https:\/\/jds.vilenica.com\/wp-content\/uploads\/2018\/11\/imgp4981.jpg\" class=\"attachment-full size-full\" alt=\"https:\/\/jds.vilenica.com\/wp-content\/uploads\/2018\/11\/imgp4981.jpg\" data-full_image_src=\"https:\/\/jds.vilenica.com\/wp-content\/uploads\/2018\/11\/imgp4981.jpg\" title=\"imgp4981\" srcset=\"https:\/\/jds.vilenica.com\/wp-content\/uploads\/2018\/11\/imgp4981.jpg 640w, https:\/\/jds.vilenica.com\/wp-content\/uploads\/2018\/11\/imgp4981-320x240.jpg 320w\" sizes=\"auto, (max-width: 640px) 85vw, 640px\" \/><\/span><\/div><\/div><\/div><\/div><\/div><\/div><\/div><!-- cell_inner --><\/div><!-- cell --><\/div><!-- port --><\/section><section id=\"bt_bb_section69ef63fcc66ae\" class=\"bt_bb_section bt_bb_layout_boxed_1200 bt_bb_vertical_align_top bt_bb_top_spacing_normal bt_bb_bottom_spacing_medium\"  data-bt-override-class=\"null\"><div class=\"bt_bb_port\"><div class=\"bt_bb_cell\"><div class=\"bt_bb_cell_inner\"><div class=\"bt_bb_row \"  data-bt-override-class=\"{}\"><div class=\"bt_bb_row_holder\" ><div  class=\"bt_bb_column col-xxl-6 col-xl-6 bt_bb_vertical_align_middle bt_bb_align_center bt_bb_padding_normal\"  data-width=\"6\" data-bt-override-class=\"{}\"><div class=\"bt_bb_column_content\"><div class=\"bt_bb_column_content_inner\"><div class=\"bt_bb_image bt_bb_shape_square bt_bb_target_self bt_bb_align_inherit bt_bb_hover_style_simple bt_bb_content_display_always bt_bb_content_align_middle\" data-bt-override-class=\"{}\"><span><img loading=\"lazy\" decoding=\"async\" width=\"480\" height=\"640\" src=\"https:\/\/jds.vilenica.com\/wp-content\/uploads\/2018\/11\/img_6294.jpg\" class=\"attachment-full size-full\" alt=\"https:\/\/jds.vilenica.com\/wp-content\/uploads\/2018\/11\/img_6294.jpg\" data-full_image_src=\"https:\/\/jds.vilenica.com\/wp-content\/uploads\/2018\/11\/img_6294.jpg\" title=\"img_6294\" srcset=\"https:\/\/jds.vilenica.com\/wp-content\/uploads\/2018\/11\/img_6294.jpg 480w, https:\/\/jds.vilenica.com\/wp-content\/uploads\/2018\/11\/img_6294-320x427.jpg 320w\" sizes=\"auto, (max-width: 480px) 85vw, 480px\" \/><\/span><\/div><\/div><\/div><\/div><div  class=\"bt_bb_column col-xxl-6 col-xl-6 bt_bb_vertical_align_middle bt_bb_align_center bt_bb_padding_normal\"  data-width=\"6\" data-bt-override-class=\"{}\"><div class=\"bt_bb_column_content\"><div class=\"bt_bb_column_content_inner\"><div  class=\"bt_bb_text\" ><p style=\"text-align: left;\">Z odpadki iz zdravstvene dejavnosti (ampule, epruvete, zdravila), preko katerih te\u010de tudi odpadna voda iz se\u017eanske \u010distilne naprave. Med nevarnimi odpadki velja izpostaviti predvsem eksplozivna sredstva, ki smo jih v 22 onesna\u017eenih jamah na\u0161teli 35. Predvidevamo, da se pod povr\u0161jem Krasa nahaja vsaj 360 eksplozivnih sredstev oz. 1,6 eksplozivnega sredstva na onesna\u017eeno jamo. To je tudi eden izmed razlogov, zakaj se jamarji \u010dedalje te\u017eje odlo\u010damo za prostovoljno \u010di\u0161\u010denje jam. \u010ce menite, da se je onesna\u017eevanje jam ustavilo, imate le deloma prav: letna koli\u010dina nelegalno odlo\u017eenih odpadkov v jame se je resda zmanj\u0161ala, je pa kar 11 % jam na Krasu \u0161e vedno aktivnih nelegalnih odlagali\u0161\u010d odpadkov. Najbolj na udaru je 47 % \u017ee onesna\u017eenih jam, ki le\u017eijo do 10 m od poti.<\/p>\n<p style=\"text-align: left;\">Sanacija onesna\u017eenih jam je izjemno zahteven tehni\u010dni, finan\u010dni in \u010dasovni zalogaj, ki pa smo mu s primernim pristopom lahko skupaj kos v prihodnjih desetletjih. S tem ne bomo le zmanj\u0161ali obstoje\u010dega obremenjevanja okolja, ampak tudi nevarnost, ki prikrito le\u017ei v kra\u0161kem podzemlju v obliki slabo za\u0161\u010ditenih nevarnih snovi, ki lahko za\u010dnejo nenadzorovano uhajati v podzemlje, s tem pa lahko ogrozijo tudi prakti\u010dno edini vodni vir na Krasu \u2013 \u010drpali\u0161\u010de v Brestovici. Ne pozabimo, da se je to v Beli krajini \u017ee zgodilo.<\/p>\n<p style=\"text-align: left;\">Mitja Prelov\u0161ek<br \/>\nJasmina Rijavec<\/p>\n<p style=\"text-align: left;\">Foto: Rosana Cerkvenik<\/p>\n<\/div><\/div><\/div><\/div><\/div><\/div><\/div><!-- cell_inner --><\/div><!-- cell --><\/div><!-- port --><\/section>","protected":false},"excerpt":{"rendered":"<p>Kaj bomo pustili na\u0161im zanamcem?<\/p>\n","protected":false},"author":1,"featured_media":1857,"parent":173,"menu_order":0,"comment_status":"closed","ping_status":"closed","template":"","meta":{"footnotes":""},"class_list":["post-2493","page","type-page","status-publish","has-post-thumbnail","hentry"],"_links":{"self":[{"href":"https:\/\/jds.vilenica.com\/index.php\/wp-json\/wp\/v2\/pages\/2493","targetHints":{"allow":["GET"]}}],"collection":[{"href":"https:\/\/jds.vilenica.com\/index.php\/wp-json\/wp\/v2\/pages"}],"about":[{"href":"https:\/\/jds.vilenica.com\/index.php\/wp-json\/wp\/v2\/types\/page"}],"author":[{"embeddable":true,"href":"https:\/\/jds.vilenica.com\/index.php\/wp-json\/wp\/v2\/users\/1"}],"replies":[{"embeddable":true,"href":"https:\/\/jds.vilenica.com\/index.php\/wp-json\/wp\/v2\/comments?post=2493"}],"version-history":[{"count":0,"href":"https:\/\/jds.vilenica.com\/index.php\/wp-json\/wp\/v2\/pages\/2493\/revisions"}],"up":[{"embeddable":true,"href":"https:\/\/jds.vilenica.com\/index.php\/wp-json\/wp\/v2\/pages\/173"}],"wp:featuredmedia":[{"embeddable":true,"href":"https:\/\/jds.vilenica.com\/index.php\/wp-json\/wp\/v2\/media\/1857"}],"wp:attachment":[{"href":"https:\/\/jds.vilenica.com\/index.php\/wp-json\/wp\/v2\/media?parent=2493"}],"curies":[{"name":"wp","href":"https:\/\/api.w.org\/{rel}","templated":true}]}}

Projekt 99 &#8211; poročilo

<section id="bt_bb_section69ef63fcc5c8b" class="bt_bb_section bt_bb_layout_boxed_1200 bt_bb_vertical_align_top bt_bb_top_spacing_medium bt_bb_bottom_spacing_normal"  data-bt-override-class="null"><div class="bt_bb_port"><div class="bt_bb_cell"><div class="bt_bb_cell_inner"><div class="bt_bb_row "  data-bt-override-class="{}"><div class="bt_bb_row_holder" ><div  class="bt_bb_column col-xxl-6 col-xl-6 bt_bb_vertical_align_middle bt_bb_align_center bt_bb_padding_normal"  data-width="6" data-bt-override-class="{}"><div class="bt_bb_column_content"><div class="bt_bb_column_content_inner"><div class="bt_bb_image bt_bb_shape_square bt_bb_target_self bt_bb_align_inherit bt_bb_hover_style_simple bt_bb_content_display_always bt_bb_content_align_middle" data-bt-override-class="{}"><span><img loading="lazy" decoding="async" width="640" height="480" src="https://jds.vilenica.com/wp-content/uploads/2018/11/imgp4966-1.jpg" class="attachment-full size-full" alt="https://jds.vilenica.com/wp-content/uploads/2018/11/imgp4966-1.jpg" data-full_image_src="https://jds.vilenica.com/wp-content/uploads/2018/11/imgp4966-1.jpg" title="imgp4966" srcset="https://jds.vilenica.com/wp-content/uploads/2018/11/imgp4966-1.jpg 640w, https://jds.vilenica.com/wp-content/uploads/2018/11/imgp4966-1-320x240.jpg 320w" sizes="auto, (max-width: 640px) 85vw, 640px" /></span></div></div></div></div><div  class="bt_bb_column col-xxl-6 col-xl-6 bt_bb_vertical_align_top bt_bb_align_left bt_bb_padding_normal"  data-width="6" data-bt-override-class="{}"><div class="bt_bb_column_content"><div class="bt_bb_column_content_inner"><header class="bt_bb_headline bt_bb_dash_none bt_bb_subheadline bt_bb_size_small bt_bb_align_inherit" data-bt-override-class="{}"><h3 class="bt_bb_headline_tag"><span class="bt_bb_headline_content"><span>Projekt 99 – poročilo<br />
</span></span></h3><div class="bt_bb_headline_subheadline">Jan 14, 2013</div></header><div class="bt_bb_separator_v2 bt_bb_border_style_none bt_bb_top_spacing_small bt_bb_bottom_spacing_small bt_bb_icon_size_normal bt_bb_text_size_normal bt_bb_separator_v2_without_content" data-bt-override-class="null"><div class="bt_bb_separator_v2_inner"><span class="bt_bb_separator_v2_inner_before"></span><span class="bt_bb_separator_v2_inner_content"><span  data-ico-="" class="bt_bb_icon_holder"></span></span><span class="bt_bb_separator_v2_inner_after"></span></div></div><div  class="bt_bb_text" ><p style="text-align: left;">Med naročnikom Znanstvenoraziskovalnim centrom SAZU in izvajalcem Jamarsko zvezo Slovenije je bila v začetku leta 2012 podpisana pogodba za popis onesnaženosti jam na Matičnem Krasu. Projekt je potekal v sklopu Razvojnega foruma Kras in je poskušal opredeliti stopnjo onesnaženosti podzemlja na Krasu. Ker bi bil popis 916 jam, kolikor se jih nahaja na Krasu, nemogoče izvesti v enem letu, je bilo naključno izbranih 99 jam na Krasu, ki so predstavljale statistično pomemben vzorec za posplošitev rezultatov raziskav na celoten Kras. Izbor 99 jam je dal projektu tudi ime – Projekt 99.</p>
<p style="text-align: left;">Na terenu smo jame popisovali jamarji petih jamarskih društev, in sicer JD Sežana, JD GŽ Divača, JD DR Ajdovščina, JK Temnica in JD Hrpelje Kozina.Večino časa je vzelo terensko delo, saj smo morali jamarji prostovoljci, ki imamo glavnino prostega časa ob koncu tedna, v okviru posameznega društva popisati onesnaženost 20 jam, kar je tudi za večje jamarsko društvo precejšen zalogaj.</p>
</div></div></div></div></div></div></div><!-- cell_inner --></div><!-- cell --></div><!-- port --></section><section id="bt_bb_section69ef63fcc62ab" class="bt_bb_section bt_bb_layout_boxed_1200 bt_bb_vertical_align_top bt_bb_top_spacing_normal bt_bb_bottom_spacing_normal"  data-bt-override-class="null"><div class="bt_bb_port"><div class="bt_bb_cell"><div class="bt_bb_cell_inner"><div class="bt_bb_row "  data-bt-override-class="{}"><div class="bt_bb_row_holder" ><div  class="bt_bb_column col-xxl-6 col-xl-6 bt_bb_vertical_align_middle bt_bb_align_center bt_bb_padding_normal"  data-width="6" data-bt-override-class="{}"><div class="bt_bb_column_content"><div class="bt_bb_column_content_inner"><div  class="bt_bb_text" ><p style="text-align: left;">Pred pričetkom projekta se je predvidevalo, da je onesnaženih približno 10 % jam, in da so odpadki v njih večinoma starejšega izvora. Končni rezultat je pokazal, da je resničnost veliko bolj črna. S trdnimi odpadki je namreč onesnaženih 25 % jam na Krasu, torej vsaka četrta jama. Že v samem vzorcu 99 jam smo ocenili skupno količino trdnih odpadkov na 386 m3. Če to količino preslikamo na celoten Kras, se pod njegovim površjem nahaja kar 3.973 m3 odpadkov. Za primerjavo: tolikšno količino odpadkov proizvede v enem letu okoli 2.250 prebivalcev Slovenije ali pa slaba polovica prebivalcev Sežane. Glavnina odpadkov se nahaja v močno onesnaženih jamah, kjer velja izpostaviti Jamo v Bjekovniku, Jamo na Brundlovem partu in Jeriševo jamo. Vsaka izmed slednjih vsebuje preko 80 m3 odpadkov, najbolj zaskrbljujoče pa je stanje v Jami v Bjekovniku.</p>
</div></div></div></div><div  class="bt_bb_column col-xxl-6 col-xl-6 bt_bb_vertical_align_top bt_bb_align_left bt_bb_padding_normal"  data-width="6" data-bt-override-class="{}"><div class="bt_bb_column_content"><div class="bt_bb_column_content_inner"><div class="bt_bb_image bt_bb_shape_square bt_bb_target_self bt_bb_align_inherit bt_bb_hover_style_simple bt_bb_content_display_always bt_bb_content_align_middle" data-bt-override-class="{}"><span><img loading="lazy" decoding="async" width="640" height="480" src="https://jds.vilenica.com/wp-content/uploads/2018/11/imgp4981.jpg" class="attachment-full size-full" alt="https://jds.vilenica.com/wp-content/uploads/2018/11/imgp4981.jpg" data-full_image_src="https://jds.vilenica.com/wp-content/uploads/2018/11/imgp4981.jpg" title="imgp4981" srcset="https://jds.vilenica.com/wp-content/uploads/2018/11/imgp4981.jpg 640w, https://jds.vilenica.com/wp-content/uploads/2018/11/imgp4981-320x240.jpg 320w" sizes="auto, (max-width: 640px) 85vw, 640px" /></span></div></div></div></div></div></div></div><!-- cell_inner --></div><!-- cell --></div><!-- port --></section><section id="bt_bb_section69ef63fcc66ae" class="bt_bb_section bt_bb_layout_boxed_1200 bt_bb_vertical_align_top bt_bb_top_spacing_normal bt_bb_bottom_spacing_medium"  data-bt-override-class="null"><div class="bt_bb_port"><div class="bt_bb_cell"><div class="bt_bb_cell_inner"><div class="bt_bb_row "  data-bt-override-class="{}"><div class="bt_bb_row_holder" ><div  class="bt_bb_column col-xxl-6 col-xl-6 bt_bb_vertical_align_middle bt_bb_align_center bt_bb_padding_normal"  data-width="6" data-bt-override-class="{}"><div class="bt_bb_column_content"><div class="bt_bb_column_content_inner"><div class="bt_bb_image bt_bb_shape_square bt_bb_target_self bt_bb_align_inherit bt_bb_hover_style_simple bt_bb_content_display_always bt_bb_content_align_middle" data-bt-override-class="{}"><span><img loading="lazy" decoding="async" width="480" height="640" src="https://jds.vilenica.com/wp-content/uploads/2018/11/img_6294.jpg" class="attachment-full size-full" alt="https://jds.vilenica.com/wp-content/uploads/2018/11/img_6294.jpg" data-full_image_src="https://jds.vilenica.com/wp-content/uploads/2018/11/img_6294.jpg" title="img_6294" srcset="https://jds.vilenica.com/wp-content/uploads/2018/11/img_6294.jpg 480w, https://jds.vilenica.com/wp-content/uploads/2018/11/img_6294-320x427.jpg 320w" sizes="auto, (max-width: 480px) 85vw, 480px" /></span></div></div></div></div><div  class="bt_bb_column col-xxl-6 col-xl-6 bt_bb_vertical_align_middle bt_bb_align_center bt_bb_padding_normal"  data-width="6" data-bt-override-class="{}"><div class="bt_bb_column_content"><div class="bt_bb_column_content_inner"><div  class="bt_bb_text" ><p style="text-align: left;">Z odpadki iz zdravstvene dejavnosti (ampule, epruvete, zdravila), preko katerih teče tudi odpadna voda iz sežanske čistilne naprave. Med nevarnimi odpadki velja izpostaviti predvsem eksplozivna sredstva, ki smo jih v 22 onesnaženih jamah našteli 35. Predvidevamo, da se pod površjem Krasa nahaja vsaj 360 eksplozivnih sredstev oz. 1,6 eksplozivnega sredstva na onesnaženo jamo. To je tudi eden izmed razlogov, zakaj se jamarji čedalje težje odločamo za prostovoljno čiščenje jam. Če menite, da se je onesnaževanje jam ustavilo, imate le deloma prav: letna količina nelegalno odloženih odpadkov v jame se je resda zmanjšala, je pa kar 11 % jam na Krasu še vedno aktivnih nelegalnih odlagališč odpadkov. Najbolj na udaru je 47 % že onesnaženih jam, ki ležijo do 10 m od poti.</p>
<p style="text-align: left;">Sanacija onesnaženih jam je izjemno zahteven tehnični, finančni in časovni zalogaj, ki pa smo mu s primernim pristopom lahko skupaj kos v prihodnjih desetletjih. S tem ne bomo le zmanjšali obstoječega obremenjevanja okolja, ampak tudi nevarnost, ki prikrito leži v kraškem podzemlju v obliki slabo zaščitenih nevarnih snovi, ki lahko začnejo nenadzorovano uhajati v podzemlje, s tem pa lahko ogrozijo tudi praktično edini vodni vir na Krasu – črpališče v Brestovici. Ne pozabimo, da se je to v Beli krajini že zgodilo.</p>
<p style="text-align: left;">Mitja Prelovšek<br />
Jasmina Rijavec</p>
<p style="text-align: left;">Foto: Rosana Cerkvenik</p>
</div></div></div></div></div></div></div><!-- cell_inner --></div><!-- cell --></div><!-- port --></section>

<p>Kaj bomo pustili našim zanamcem?</p>
