{"id":2346,"date":"2018-11-08T18:51:51","date_gmt":"2018-11-08T17:51:51","guid":{"rendered":"http:\/\/193.77.138.55\/?page_id=2346"},"modified":"2018-11-08T18:51:51","modified_gmt":"2018-11-08T17:51:51","slug":"sanacija-onesnazenih-jam","status":"publish","type":"page","link":"https:\/\/jds.vilenica.com\/index.php\/fixtures\/projekti\/sanacija-onesnazenih-jam\/","title":{"rendered":"Sanacija onesna\u017eenih jam"},"content":{"rendered":"<section id=\"bt_bb_section69ef61b0839f5\" class=\"bt_bb_section bt_bb_layout_boxed_1200 bt_bb_vertical_align_top bt_bb_top_spacing_normal bt_bb_bottom_spacing_normal\"  data-bt-override-class=\"null\"><div class=\"bt_bb_port\"><div class=\"bt_bb_cell\"><div class=\"bt_bb_cell_inner\"><div class=\"bt_bb_row \"  data-bt-override-class=\"{}\"><div class=\"bt_bb_row_holder\" ><div  class=\"bt_bb_column col-xxl-6 col-xl-6 bt_bb_vertical_align_middle bt_bb_align_center bt_bb_padding_normal\"  data-width=\"6\" data-bt-override-class=\"{}\"><div class=\"bt_bb_column_content\"><div class=\"bt_bb_column_content_inner\"><div class=\"bt_bb_image bt_bb_shape_square bt_bb_target_self bt_bb_align_inherit bt_bb_hover_style_simple bt_bb_content_display_always bt_bb_content_align_middle\" data-bt-override-class=\"{}\"><span><img loading=\"lazy\" decoding=\"async\" width=\"214\" height=\"300\" src=\"https:\/\/jds.vilenica.com\/wp-content\/uploads\/2018\/11\/godnje.jpg\" class=\"attachment-full size-full\" alt=\"https:\/\/jds.vilenica.com\/wp-content\/uploads\/2018\/11\/godnje.jpg\" data-full_image_src=\"https:\/\/jds.vilenica.com\/wp-content\/uploads\/2018\/11\/godnje.jpg\" title=\"godnje\" \/><\/span><\/div><\/div><\/div><\/div><div  class=\"bt_bb_column col-xxl-6 col-xl-6 bt_bb_vertical_align_top bt_bb_align_left bt_bb_padding_normal\"  data-width=\"6\" data-bt-override-class=\"{}\"><div class=\"bt_bb_column_content\"><div class=\"bt_bb_column_content_inner\"><header class=\"bt_bb_headline bt_bb_dash_none bt_bb_size_small bt_bb_align_inherit\" data-bt-override-class=\"{}\"><h3 class=\"bt_bb_headline_tag\"><span class=\"bt_bb_headline_content\"><span>Sanacija onesna\u017eenih jam<\/span><\/span><\/h3><\/header><div class=\"bt_bb_separator_v2 bt_bb_border_style_none bt_bb_top_spacing_small bt_bb_bottom_spacing_small bt_bb_icon_size_normal bt_bb_text_size_normal bt_bb_separator_v2_without_content\" data-bt-override-class=\"null\"><div class=\"bt_bb_separator_v2_inner\"><span class=\"bt_bb_separator_v2_inner_before\"><\/span><span class=\"bt_bb_separator_v2_inner_content\"><span  data-ico-=\"\" class=\"bt_bb_icon_holder\"><\/span><\/span><span class=\"bt_bb_separator_v2_inner_after\"><\/span><\/div><\/div><div  class=\"bt_bb_text\" ><p>Projekt sanacije onesna\u017eenih jam je potekal\u00a0v letih 1997 in 1998. Zajemal je pregledovanje obmo\u010dja Se\u017eansko \u2013 Komenskega Krasa ter popis\u00a0onesna\u017eenih jam, ki se nahajajo v drugem,\u00a0tretjem in \u010detrtem vodovarstvenem obmo\u010dju brestovi\u0161kega\u00a0vodnega zajetja. Popisanih je bilo 20\u00a0onesna\u017eenih jam, od tega se osem jam nahaja na\u00a0Komenskem Krasu, ki spada v drugi in tretji vodovarstveni\u00a0pas. Na obmo\u010dju Komenskega Krasa so\u00a0bile pregledane jame: Komenska golobica, \u0160trkljevica\u00a0pri Toma\u010devici, Preserska jama, Governova\u00a0jama pri Komnu, Vol\u010djegrajski bezen, Gabrov\u0161ki\u00a0bezen, Jelenca in Jama pri Velikem Dolu. Na obmo\u010dju\u00a0Se\u017eanskega Krasa pa so bile pregledane\u00a0jame: Jama v Godnjah, Jama pri Danah, Se\u017eansko\u00a0brezno, Bukovnik, Jama na Brundlovem partu,\u00a0Ravbarjeva jama, Toma\u017ekova jama, Ton\u010dkova\u00a0jama, Jama na Trebanjski gmajni, Jama v Se\u017eanski\u00a0smodni\u0161nici, Ral\u010devka in jama Pri dveh jamah pri\u00a0\u0160torjah. V teh jamah se nahajajo komunalni in industrijski\u00a0odpadki ter mrhovina. Izbrane so bile\u00a0tudi tri jame, v katerih je bila z odvzemom vzorcaizcedne vode in prsti dolo\u010dena stopnja onesna\u017eenosti.\u00a0Izbrane jame so bile Jama v Brundlovem\u00a0partu pri Se\u017eani, Jama pri Godnjah in Governova\u00a0jama pri Komnu.<\/p>\n<p>Analize zemljine je opravil Zavod za zdravstveno\u00a0varstvo Koper. Te so pokazale zaskrbljujo\u010do\u00a0stopnjo onesna\u017eenosti, posebno pri vsebnosti te\u017ekih kovin kot so \u017eivo srebro, kadmij, cink, svinec,\u00a0baker in nikelj. V jamah so komunalni, kosovni in\u00a0industrijski odpadki. Rezultati analiz zemljin in izcednih\u00a0voda iz jam so dokazali, da so \u010drna odlagali\u0161\u010da\u00a0v jamah pomemben vir onesna\u017eevanja.\u00a0Projekt je bil predstavljen s seznamom 20. onesna\u017eenih\u00a0jam in strukturo odpadkov v njih.<\/p>\n<\/div><\/div><\/div><\/div><\/div><\/div><\/div><!-- cell_inner --><\/div><!-- cell --><\/div><!-- port --><\/section>","protected":false},"excerpt":{"rendered":"","protected":false},"author":1,"featured_media":1857,"parent":1368,"menu_order":0,"comment_status":"closed","ping_status":"closed","template":"","meta":{"footnotes":""},"class_list":["post-2346","page","type-page","status-publish","has-post-thumbnail","hentry"],"_links":{"self":[{"href":"https:\/\/jds.vilenica.com\/index.php\/wp-json\/wp\/v2\/pages\/2346","targetHints":{"allow":["GET"]}}],"collection":[{"href":"https:\/\/jds.vilenica.com\/index.php\/wp-json\/wp\/v2\/pages"}],"about":[{"href":"https:\/\/jds.vilenica.com\/index.php\/wp-json\/wp\/v2\/types\/page"}],"author":[{"embeddable":true,"href":"https:\/\/jds.vilenica.com\/index.php\/wp-json\/wp\/v2\/users\/1"}],"replies":[{"embeddable":true,"href":"https:\/\/jds.vilenica.com\/index.php\/wp-json\/wp\/v2\/comments?post=2346"}],"version-history":[{"count":0,"href":"https:\/\/jds.vilenica.com\/index.php\/wp-json\/wp\/v2\/pages\/2346\/revisions"}],"up":[{"embeddable":true,"href":"https:\/\/jds.vilenica.com\/index.php\/wp-json\/wp\/v2\/pages\/1368"}],"wp:featuredmedia":[{"embeddable":true,"href":"https:\/\/jds.vilenica.com\/index.php\/wp-json\/wp\/v2\/media\/1857"}],"wp:attachment":[{"href":"https:\/\/jds.vilenica.com\/index.php\/wp-json\/wp\/v2\/media?parent=2346"}],"curies":[{"name":"wp","href":"https:\/\/api.w.org\/{rel}","templated":true}]}}