{"id":2338,"date":"2018-11-08T18:41:52","date_gmt":"2018-11-08T17:41:52","guid":{"rendered":"http:\/\/193.77.138.55\/?page_id=2338"},"modified":"2018-11-08T18:41:52","modified_gmt":"2018-11-08T17:41:52","slug":"elektrifikacija-vilenice","status":"publish","type":"page","link":"https:\/\/jds.vilenica.com\/index.php\/fixtures\/projekti\/elektrifikacija-vilenice\/","title":{"rendered":"Elektrifikacija Vilenice"},"content":{"rendered":"<section id=\"bt_bb_section69ef61b083c24\" class=\"bt_bb_section bt_bb_layout_boxed_1200 bt_bb_vertical_align_top bt_bb_top_spacing_normal bt_bb_bottom_spacing_normal\"  data-bt-override-class=\"null\"><div class=\"bt_bb_port\"><div class=\"bt_bb_cell\"><div class=\"bt_bb_cell_inner\"><div class=\"bt_bb_row \"  data-bt-override-class=\"{}\"><div class=\"bt_bb_row_holder\" ><div  class=\"bt_bb_column col-xxl-6 col-xl-6 bt_bb_vertical_align_middle bt_bb_align_center bt_bb_padding_normal\"  data-width=\"6\" data-bt-override-class=\"{}\"><div class=\"bt_bb_column_content\"><div class=\"bt_bb_column_content_inner\"><div class=\"bt_bb_image bt_bb_shape_square bt_bb_target_self bt_bb_align_inherit bt_bb_hover_style_simple bt_bb_content_display_always bt_bb_content_align_middle\" data-bt-override-class=\"{}\"><span><img loading=\"lazy\" decoding=\"async\" width=\"200\" height=\"300\" src=\"https:\/\/jds.vilenica.com\/wp-content\/uploads\/2018\/11\/0139.jpg\" class=\"attachment-full size-full\" alt=\"https:\/\/jds.vilenica.com\/wp-content\/uploads\/2018\/11\/0139.jpg\" data-full_image_src=\"https:\/\/jds.vilenica.com\/wp-content\/uploads\/2018\/11\/0139.jpg\" title=\"0139\" \/><\/span><\/div><\/div><\/div><\/div><div  class=\"bt_bb_column col-xxl-6 col-xl-6 bt_bb_vertical_align_top bt_bb_align_left bt_bb_padding_normal\"  data-width=\"6\" data-bt-override-class=\"{}\"><div class=\"bt_bb_column_content\"><div class=\"bt_bb_column_content_inner\"><header class=\"bt_bb_headline bt_bb_dash_none bt_bb_size_small bt_bb_align_inherit\" data-bt-override-class=\"{}\"><h3 class=\"bt_bb_headline_tag\"><span class=\"bt_bb_headline_content\"><span>Elektrifikacija Vilenice<\/span><\/span><\/h3><\/header><div class=\"bt_bb_separator_v2 bt_bb_border_style_none bt_bb_top_spacing_small bt_bb_bottom_spacing_small bt_bb_icon_size_normal bt_bb_text_size_normal bt_bb_separator_v2_without_content\" data-bt-override-class=\"null\"><div class=\"bt_bb_separator_v2_inner\"><span class=\"bt_bb_separator_v2_inner_before\"><\/span><span class=\"bt_bb_separator_v2_inner_content\"><span  data-ico-=\"\" class=\"bt_bb_icon_holder\"><\/span><\/span><span class=\"bt_bb_separator_v2_inner_after\"><\/span><\/div><\/div><div  class=\"bt_bb_text\" ><p>Projekt je bil razdeljen na deset delov, in sicer dolo\u010ditev\u00a0sektorjev jame, energetski dovod in glavni\u00a0razdelilec, energetski razvod po jami in razdelilne\u00a0omarice, vklop\/izklop sektorske razsvetljave posameznih\u00a0odsekov jame, osvetlitev posameznih sektorjev\u00a0jame, telekomunikacije, signalizacijo posameznih\u00a0sektorjev, zasilno razsvetljavo, nadomestno\u00a0generatorsko energijo in ozemljitev. Vsak del se je\u00a0zaklju\u010dil posamezno. Dol\u017eina jame za elektrifikacijo\u00a0je bila 462 m, globina pa 87 m.\u00a0V projektu so bili upo\u0161tevani predpisi in tehni\u010dni\u00a0normativi s podro\u010dja varstva pri delu in po\u017earne\u00a0varnosti. Vse tehni\u010dne re\u0161itve so bile izvedene v\u00a0skladu s predpisi za tovrstne naprave.\u00a0Projekt elektrifikacije je omogo\u010dil kakovostnej\u0161i\u00a0in varnej\u0161i obisk jame in s tem pripomogel\u00a0tudi h kvalitetnej\u0161emu \u0161irjenju znanja o krasu in\u00a0kra\u0161kih pojavih. Zajemal je podro\u010dje energetike,\u00a0elektronike in telekomunikacij. Pokrival je vse\u00a0segmente za varno in zanesljivo delovanje elektri\u010dne\u00a0napeljave v najstarej\u0161i turisti\u010dni jami v Evropi\u00a0\u2013 Vilenici.<\/p>\n<p>Projekt je bil izveden v letu 1998. Vodja projekta je bil Edi Fabjan,dipl.ing.el.<\/p>\n<p>Istega leta je v turisti\u010dnem delu Vilenice potekala\u00a0obnova stopni\u0161\u010da. Dela so se v jami za\u010dela v mesecu\u00a0februarju. Izdelane so bile stopnice od drugega\u00a0platoja v Plesni dvorani do zunanjih stopnic\u00a0nad vhodom v jamo. Opravljenih je bilo ve\u010d kot\u00a0800 ur prostovoljnega dela. Obnova stopni\u0161\u010da in\u00a0ograje v jami je bila financirana z lastnimi prispevki\u00a0dru\u0161tva in s pomo\u010djo Ob\u010dine Se\u017eana. Projekt je\u00a0delno financiralo tudi Ministrstvo za kulturo.<\/p>\n<\/div><\/div><\/div><\/div><\/div><\/div><\/div><!-- cell_inner --><\/div><!-- cell --><\/div><!-- port --><\/section>","protected":false},"excerpt":{"rendered":"","protected":false},"author":1,"featured_media":1857,"parent":1368,"menu_order":0,"comment_status":"closed","ping_status":"closed","template":"","meta":{"footnotes":""},"class_list":["post-2338","page","type-page","status-publish","has-post-thumbnail","hentry"],"_links":{"self":[{"href":"https:\/\/jds.vilenica.com\/index.php\/wp-json\/wp\/v2\/pages\/2338","targetHints":{"allow":["GET"]}}],"collection":[{"href":"https:\/\/jds.vilenica.com\/index.php\/wp-json\/wp\/v2\/pages"}],"about":[{"href":"https:\/\/jds.vilenica.com\/index.php\/wp-json\/wp\/v2\/types\/page"}],"author":[{"embeddable":true,"href":"https:\/\/jds.vilenica.com\/index.php\/wp-json\/wp\/v2\/users\/1"}],"replies":[{"embeddable":true,"href":"https:\/\/jds.vilenica.com\/index.php\/wp-json\/wp\/v2\/comments?post=2338"}],"version-history":[{"count":0,"href":"https:\/\/jds.vilenica.com\/index.php\/wp-json\/wp\/v2\/pages\/2338\/revisions"}],"up":[{"embeddable":true,"href":"https:\/\/jds.vilenica.com\/index.php\/wp-json\/wp\/v2\/pages\/1368"}],"wp:featuredmedia":[{"embeddable":true,"href":"https:\/\/jds.vilenica.com\/index.php\/wp-json\/wp\/v2\/media\/1857"}],"wp:attachment":[{"href":"https:\/\/jds.vilenica.com\/index.php\/wp-json\/wp\/v2\/media?parent=2338"}],"curies":[{"name":"wp","href":"https:\/\/api.w.org\/{rel}","templated":true}]}}

<section id="bt_bb_section69ef61b083c24" class="bt_bb_section bt_bb_layout_boxed_1200 bt_bb_vertical_align_top bt_bb_top_spacing_normal bt_bb_bottom_spacing_normal"  data-bt-override-class="null"><div class="bt_bb_port"><div class="bt_bb_cell"><div class="bt_bb_cell_inner"><div class="bt_bb_row "  data-bt-override-class="{}"><div class="bt_bb_row_holder" ><div  class="bt_bb_column col-xxl-6 col-xl-6 bt_bb_vertical_align_middle bt_bb_align_center bt_bb_padding_normal"  data-width="6" data-bt-override-class="{}"><div class="bt_bb_column_content"><div class="bt_bb_column_content_inner"><div class="bt_bb_image bt_bb_shape_square bt_bb_target_self bt_bb_align_inherit bt_bb_hover_style_simple bt_bb_content_display_always bt_bb_content_align_middle" data-bt-override-class="{}"><span><img loading="lazy" decoding="async" width="200" height="300" src="https://jds.vilenica.com/wp-content/uploads/2018/11/0139.jpg" class="attachment-full size-full" alt="https://jds.vilenica.com/wp-content/uploads/2018/11/0139.jpg" data-full_image_src="https://jds.vilenica.com/wp-content/uploads/2018/11/0139.jpg" title="0139" /></span></div></div></div></div><div  class="bt_bb_column col-xxl-6 col-xl-6 bt_bb_vertical_align_top bt_bb_align_left bt_bb_padding_normal"  data-width="6" data-bt-override-class="{}"><div class="bt_bb_column_content"><div class="bt_bb_column_content_inner"><header class="bt_bb_headline bt_bb_dash_none bt_bb_size_small bt_bb_align_inherit" data-bt-override-class="{}"><h3 class="bt_bb_headline_tag"><span class="bt_bb_headline_content"><span>Elektrifikacija Vilenice</span></span></h3></header><div class="bt_bb_separator_v2 bt_bb_border_style_none bt_bb_top_spacing_small bt_bb_bottom_spacing_small bt_bb_icon_size_normal bt_bb_text_size_normal bt_bb_separator_v2_without_content" data-bt-override-class="null"><div class="bt_bb_separator_v2_inner"><span class="bt_bb_separator_v2_inner_before"></span><span class="bt_bb_separator_v2_inner_content"><span  data-ico-="" class="bt_bb_icon_holder"></span></span><span class="bt_bb_separator_v2_inner_after"></span></div></div><div  class="bt_bb_text" ><p>Projekt je bil razdeljen na deset delov, in sicer določitev sektorjev jame, energetski dovod in glavni razdelilec, energetski razvod po jami in razdelilne omarice, vklop/izklop sektorske razsvetljave posameznih odsekov jame, osvetlitev posameznih sektorjev jame, telekomunikacije, signalizacijo posameznih sektorjev, zasilno razsvetljavo, nadomestno generatorsko energijo in ozemljitev. Vsak del se je zaključil posamezno. Dolžina jame za elektrifikacijo je bila 462 m, globina pa 87 m. V projektu so bili upoštevani predpisi in tehnični normativi s področja varstva pri delu in požarne varnosti. Vse tehnične rešitve so bile izvedene v skladu s predpisi za tovrstne naprave. Projekt elektrifikacije je omogočil kakovostnejši in varnejši obisk jame in s tem pripomogel tudi h kvalitetnejšemu širjenju znanja o krasu in kraških pojavih. Zajemal je področje energetike, elektronike in telekomunikacij. Pokrival je vse segmente za varno in zanesljivo delovanje električne napeljave v najstarejši turistični jami v Evropi – Vilenici.</p>
<p>Projekt je bil izveden v letu 1998. Vodja projekta je bil Edi Fabjan,dipl.ing.el.</p>
<p>Istega leta je v turističnem delu Vilenice potekala obnova stopnišča. Dela so se v jami začela v mesecu februarju. Izdelane so bile stopnice od drugega platoja v Plesni dvorani do zunanjih stopnic nad vhodom v jamo. Opravljenih je bilo več kot 800 ur prostovoljnega dela. Obnova stopnišča in ograje v jami je bila financirana z lastnimi prispevki društva in s pomočjo Občine Sežana. Projekt je delno financiralo tudi Ministrstvo za kulturo.</p>
</div></div></div></div></div></div></div><!-- cell_inner --></div><!-- cell --></div><!-- port --></section>
