{"id":2333,"date":"2018-11-08T18:32:53","date_gmt":"2018-11-08T17:32:53","guid":{"rendered":"http:\/\/193.77.138.55\/?page_id=2333"},"modified":"2018-11-08T18:32:53","modified_gmt":"2018-11-08T17:32:53","slug":"jame-v-porecju-reke","status":"publish","type":"page","link":"https:\/\/jds.vilenica.com\/index.php\/fixtures\/projekti\/jame-v-porecju-reke\/","title":{"rendered":"Jame v pore\u010dju Reke"},"content":{"rendered":"<section id=\"bt_bb_section69ef7493805ca\" class=\"bt_bb_section bt_bb_layout_boxed_1200 bt_bb_vertical_align_top bt_bb_top_spacing_normal bt_bb_bottom_spacing_normal\"  data-bt-override-class=\"null\"><div class=\"bt_bb_port\"><div class=\"bt_bb_cell\"><div class=\"bt_bb_cell_inner\"><div class=\"bt_bb_row \"  data-bt-override-class=\"{}\"><div class=\"bt_bb_row_holder\" ><div  class=\"bt_bb_column col-xxl-6 col-xl-6 bt_bb_vertical_align_middle bt_bb_align_center bt_bb_padding_normal\"  data-width=\"6\" data-bt-override-class=\"{}\"><div class=\"bt_bb_column_content\"><div class=\"bt_bb_column_content_inner\"><div class=\"bt_bb_image bt_bb_shape_square bt_bb_target_self bt_bb_align_inherit bt_bb_hover_style_simple bt_bb_content_display_always bt_bb_content_align_middle\" data-bt-override-class=\"{}\"><span><img loading=\"lazy\" decoding=\"async\" width=\"200\" height=\"300\" src=\"https:\/\/jds.vilenica.com\/wp-content\/uploads\/2018\/11\/0143.jpg\" class=\"attachment-full size-full\" alt=\"https:\/\/jds.vilenica.com\/wp-content\/uploads\/2018\/11\/0143.jpg\" data-full_image_src=\"https:\/\/jds.vilenica.com\/wp-content\/uploads\/2018\/11\/0143.jpg\" title=\"0143\" \/><\/span><\/div><\/div><\/div><\/div><div  class=\"bt_bb_column col-xxl-6 col-xl-6 bt_bb_vertical_align_top bt_bb_align_left bt_bb_padding_normal\"  data-width=\"6\" data-bt-override-class=\"{}\"><div class=\"bt_bb_column_content\"><div class=\"bt_bb_column_content_inner\"><header class=\"bt_bb_headline bt_bb_dash_none bt_bb_size_small bt_bb_align_inherit\" data-bt-override-class=\"{}\"><h3 class=\"bt_bb_headline_tag\"><span class=\"bt_bb_headline_content\"><span>Jame v pore\u010dju Reke<\/span><\/span><\/h3><\/header><div class=\"bt_bb_separator_v2 bt_bb_border_style_none bt_bb_bottom_spacing_normal bt_bb_icon_size_normal bt_bb_text_size_normal bt_bb_separator_v2_without_content\" data-bt-override-class=\"null\"><div class=\"bt_bb_separator_v2_inner\"><span class=\"bt_bb_separator_v2_inner_before\"><\/span><span class=\"bt_bb_separator_v2_inner_content\"><span  data-ico-=\"\" class=\"bt_bb_icon_holder\"><\/span><\/span><span class=\"bt_bb_separator_v2_inner_after\"><\/span><\/div><\/div><div  class=\"bt_bb_text\" ><p>V okviru Phare CBC projekta se je v letih 1999 in 2000 raziskovalo jame nad domnevnim podzemnim tokom Reke, analiziralo vzorce vode Reke v Ka\u010dni jami in Labodnici ter jih primerjali z vzorci Reke v \u0160kocjanskih jamah in izvirih Timave ter ugotavljalo nahajali\u0161\u010da in prou\u010devalo posebne jamske hro\u0161\u010de (<em>Cleoptera Anophthalmus<\/em>).<\/p>\n<p>Dose\u017eeni cilji: odkrita je bila nova jama \u2013 Gustin\u010di\u010deva jama v Bla\u017e\u010devi dolini, analize so pokazale, da voda podzemne Reke ne vsebuje te\u017ekih kovin, pesticidov, fenolov ali PCBjev in da vsebuje le malo nitratov, odkrita je bila nova podvrsta slepega jamskega hro\u0161\u010da.<\/p>\n<p>Pri projektu je sodelovalo 12 do 15 \u010dlanov dru\u0161tva in razli\u010dni strokovnjaki (dr. Gams, dr. Turk, g. Pirjevec, predstavniki Zavoda za naravno in kulturno dedi\u0161\u010dino iz Nove Gorice, predstavnik Uprave za varstvo narave in mag. Kukanja).<\/p>\n<p><strong>Anophthalmus spectabilis vrhoveci<\/strong><br \/>\nNa podro\u010dju med Se\u017eano in Diva\u010do smo opravili ve\u010d raziskav z namenom bolj\u0161ega poznavanja biolo\u0161kega podro\u010dja. Eden izmed rezultatov je tudi odkritje nove podvrste hro\u0161\u010da\u00a0Anophthalmus spectabilis.\u00a0S pomo\u010djo pasti smo hro\u0161\u010da ujeli v podornem sto\u017ecu na dnu 200 m globokega vhoda v Ka\u010dno jamo. Analize je opravil Marco Bognolo iz Trsta, ki je tudi \u010dlan na\u0161ega dru\u0161tva. Od pristojnih ministrstev smo pridobili tudi dovoljenja za ulov in prevoz hro\u0161\u010da \u010dez mejo.\u00a0V spomin na slovenskega jamarskega potaplja\u010da Toma Vrhovca, smo novo podvrsto hro\u0161\u010da poimenovali\u00a0Anophthalmus spectabilis vrhoveci.<\/p>\n<\/div><\/div><\/div><\/div><\/div><\/div><\/div><!-- cell_inner --><\/div><!-- cell --><\/div><!-- port --><\/section>","protected":false},"excerpt":{"rendered":"","protected":false},"author":1,"featured_media":1857,"parent":1368,"menu_order":0,"comment_status":"closed","ping_status":"closed","template":"","meta":{"footnotes":""},"class_list":["post-2333","page","type-page","status-publish","has-post-thumbnail","hentry"],"_links":{"self":[{"href":"https:\/\/jds.vilenica.com\/index.php\/wp-json\/wp\/v2\/pages\/2333","targetHints":{"allow":["GET"]}}],"collection":[{"href":"https:\/\/jds.vilenica.com\/index.php\/wp-json\/wp\/v2\/pages"}],"about":[{"href":"https:\/\/jds.vilenica.com\/index.php\/wp-json\/wp\/v2\/types\/page"}],"author":[{"embeddable":true,"href":"https:\/\/jds.vilenica.com\/index.php\/wp-json\/wp\/v2\/users\/1"}],"replies":[{"embeddable":true,"href":"https:\/\/jds.vilenica.com\/index.php\/wp-json\/wp\/v2\/comments?post=2333"}],"version-history":[{"count":0,"href":"https:\/\/jds.vilenica.com\/index.php\/wp-json\/wp\/v2\/pages\/2333\/revisions"}],"up":[{"embeddable":true,"href":"https:\/\/jds.vilenica.com\/index.php\/wp-json\/wp\/v2\/pages\/1368"}],"wp:featuredmedia":[{"embeddable":true,"href":"https:\/\/jds.vilenica.com\/index.php\/wp-json\/wp\/v2\/media\/1857"}],"wp:attachment":[{"href":"https:\/\/jds.vilenica.com\/index.php\/wp-json\/wp\/v2\/media?parent=2333"}],"curies":[{"name":"wp","href":"https:\/\/api.w.org\/{rel}","templated":true}]}}

Jame v porečju Reke

<section id="bt_bb_section69ef7493805ca" class="bt_bb_section bt_bb_layout_boxed_1200 bt_bb_vertical_align_top bt_bb_top_spacing_normal bt_bb_bottom_spacing_normal"  data-bt-override-class="null"><div class="bt_bb_port"><div class="bt_bb_cell"><div class="bt_bb_cell_inner"><div class="bt_bb_row "  data-bt-override-class="{}"><div class="bt_bb_row_holder" ><div  class="bt_bb_column col-xxl-6 col-xl-6 bt_bb_vertical_align_middle bt_bb_align_center bt_bb_padding_normal"  data-width="6" data-bt-override-class="{}"><div class="bt_bb_column_content"><div class="bt_bb_column_content_inner"><div class="bt_bb_image bt_bb_shape_square bt_bb_target_self bt_bb_align_inherit bt_bb_hover_style_simple bt_bb_content_display_always bt_bb_content_align_middle" data-bt-override-class="{}"><span><img loading="lazy" decoding="async" width="200" height="300" src="https://jds.vilenica.com/wp-content/uploads/2018/11/0143.jpg" class="attachment-full size-full" alt="https://jds.vilenica.com/wp-content/uploads/2018/11/0143.jpg" data-full_image_src="https://jds.vilenica.com/wp-content/uploads/2018/11/0143.jpg" title="0143" /></span></div></div></div></div><div  class="bt_bb_column col-xxl-6 col-xl-6 bt_bb_vertical_align_top bt_bb_align_left bt_bb_padding_normal"  data-width="6" data-bt-override-class="{}"><div class="bt_bb_column_content"><div class="bt_bb_column_content_inner"><header class="bt_bb_headline bt_bb_dash_none bt_bb_size_small bt_bb_align_inherit" data-bt-override-class="{}"><h3 class="bt_bb_headline_tag"><span class="bt_bb_headline_content"><span>Jame v porečju Reke</span></span></h3></header><div class="bt_bb_separator_v2 bt_bb_border_style_none bt_bb_bottom_spacing_normal bt_bb_icon_size_normal bt_bb_text_size_normal bt_bb_separator_v2_without_content" data-bt-override-class="null"><div class="bt_bb_separator_v2_inner"><span class="bt_bb_separator_v2_inner_before"></span><span class="bt_bb_separator_v2_inner_content"><span  data-ico-="" class="bt_bb_icon_holder"></span></span><span class="bt_bb_separator_v2_inner_after"></span></div></div><div  class="bt_bb_text" ><p>V okviru Phare CBC projekta se je v letih 1999 in 2000 raziskovalo jame nad domnevnim podzemnim tokom Reke, analiziralo vzorce vode Reke v Kačni jami in Labodnici ter jih primerjali z vzorci Reke v Škocjanskih jamah in izvirih Timave ter ugotavljalo nahajališča in proučevalo posebne jamske hrošče (<em>Cleoptera Anophthalmus</em>).</p>
<p>Doseženi cilji: odkrita je bila nova jama – Gustinčičeva jama v Blažčevi dolini, analize so pokazale, da voda podzemne Reke ne vsebuje težkih kovin, pesticidov, fenolov ali PCBjev in da vsebuje le malo nitratov, odkrita je bila nova podvrsta slepega jamskega hrošča.</p>
<p>Pri projektu je sodelovalo 12 do 15 članov društva in različni strokovnjaki (dr. Gams, dr. Turk, g. Pirjevec, predstavniki Zavoda za naravno in kulturno dediščino iz Nove Gorice, predstavnik Uprave za varstvo narave in mag. Kukanja).</p>
<p><strong>Anophthalmus spectabilis vrhoveci</strong><br />
Na področju med Sežano in Divačo smo opravili več raziskav z namenom boljšega poznavanja biološkega področja. Eden izmed rezultatov je tudi odkritje nove podvrste hrošča Anophthalmus spectabilis. S pomočjo pasti smo hrošča ujeli v podornem stožcu na dnu 200 m globokega vhoda v Kačno jamo. Analize je opravil Marco Bognolo iz Trsta, ki je tudi član našega društva. Od pristojnih ministrstev smo pridobili tudi dovoljenja za ulov in prevoz hrošča čez mejo. V spomin na slovenskega jamarskega potapljača Toma Vrhovca, smo novo podvrsto hrošča poimenovali Anophthalmus spectabilis vrhoveci.</p>
</div></div></div></div></div></div></div><!-- cell_inner --></div><!-- cell --></div><!-- port --></section>
